 number?
False
Is 91934327 a prime number?
True
Is 10564951 prime?
True
Is 258258617 a composite number?
True
Is 3937413 a composite number?
True
Is 85889 a prime number?
True
Is 4792439 prime?
True
Is 2799443 prime?
True
Is 497199453 prime?
False
Is 2946883 prime?
True
Is 20967211 a prime number?
False
Is 36313073 a composite number?
False
Is 285494659 a prime number?
True
Is 3848243 a composite number?
True
Is 5401603 a prime number?
True
Is 7216169 prime?
True
Is 93473 prime?
False
Is 172587839 prime?
True
Is 7124431 prime?
True
Is 45499693 prime?
False
Is 1010593109 a composite number?
True
Is 17050393 composite?
False
Is 13121783 a prime number?
False
Is 19179821 a prime number?
True
Is 2467901 a composite number?
False
Is 10078505 a prime number?
False
Is 40446751 a prime number?
False
Is 314879 a composite number?
False
Is 3359141 a composite number?
True
Is 312485 a prime number?
False
Is 26998511 a prime number?
True
Is 27961942 prime?
False
Is 5003287 a composite number?
True
Is 266463271 a composite number?
True
Is 84368461 prime?
True
Is 889951 composite?
False
Is 75041137 composite?
False
Is 2500633 prime?
False
Is 15653033 a prime number?
False
Is 15498599 a composite number?
False
Is 31467937 a composite number?
False
Is 361013 composite?
False
Is 125012351 prime?
True
Is 5931931 a composite number?
True
Is 1192409 a composite number?
False
Is 49593517 a prime number?
True
Is 24549617 composite?
False
Is 759707 prime?
False
Is 24407767 prime?
False
Is 73876583 a prime number?
False
Is 7956365 composite?
True
Is 24786467 a prime number?
False
Is 635587 a prime number?
False
Is 51993911 a composite number?
False
Is 380848999 a prime number?
True
Is 471643 a prime number?
False
Is 1759829 a composite number?
True
Is 452761951 a prime number?
False
Is 631574677 a composite number?
False
Is 1062319 a composite number?
True
Is 16449917 a composite number?
True
Is 29365321 composite?
True
Is 8212681 a composite number?
False
Is 3126901 a composite number?
False
Is 2965507 prime?
False
Is 6046637 a composite number?
True
Is 300928727 composite?
True
Is 2789993 a composite number?
False
Is 27033 composite?
True
Is 36798887 prime?
True
Is 2006813 prime?
True
Is 12119983 composite?
False
Is 87833 a composite number?
False
Is 103807577 a composite number?
False
Is 43269379 a prime number?
True
Is 112797659 prime?
False
Is 275627 composite?
True
Is 7571027 prime?
False
Is 45214201 a prime number?
False
Is 331577 a composite number?
False
Is 51683977 composite?
True
Is 1000387 a prime number?
False
Is 513607 prime?
False
Is 76377767 composite?
True
Is 153100459 a prime number?
True
Is 72244853 composite?
True
Is 508111 a composite number?
True
Is 1872229 a prime number?
True
Is 909487973 composite?
False
Is 275799841 a prime number?
True
Is 2322211 prime?
True
Is 1630679 composite?
True
Is 3572519 prime?
True
Is 50885831 a prime number?
True
Is 24562327 prime?
True
Is 70612859 a prime number?
False
Is 228795803 a prime number?
True
Is 12918783 prime?
False
Is 3910403 a prime number?
False
Is 3667981 a composite number?
False
Is 124669 prime?
True
Is 32118769 composite?
False
Is 3283769 a composite number?
False
Is 4568479 a composite number?
False
Is 5572767 a composite number?
True
Is 105623443 prime?
False
Is 291632051 a prime number?
True
Is 950591 a prime number?
False
Is 836681 a composite number?
True
Is 1388141 a composite number?
False
Is 104714119 a prime number?
False
Is 1856891 a prime number?
True
Is 1209191 a prime number?
True
Is 11747354 a composite number?
True
Is 11420303 composite?
False
Is 9925217 composite?
True
Is 72168857 composite?
False
Is 96289507 a prime number?
True
Is 36756073 a prime number?
True
Is 51965569 prime?
True
Is 23736523 prime?
True
Is 6741121 a prime number?
False
Is 131816065 a composite number?
True
Is 1141837 a composite number?
False
Is 583589 prime?
False
Is 933566917 prime?
False
Is 908899 a composite number?
True
Is 150287 a composite number?
False
Is 2086813 composite?
True
Is 13422089 composite?
False
Is 29669587 prime?
True
Is 8511737 a prime number?
False
Is 5222237 composite?
False
Is 1750153 a prime number?
True
Is 2054443 a composite number?
False
Is 49806161 a prime number?
True
Is 3547342 prime?
False
Is 1142777 prime?
True
Is 47198153 a composite number?
True
Is 22437193 a composite number?
False
Is 401343317 a prime number?
True
Is 1077813677 composite?
False
Is 118747 prime?
True
Is 2403187 a composite number?
True
Is 17248349 a composite number?
False
Is 2646211 a composite number?
False
Is 264970149 a composite number?
True
Is 475067 prime?
False
Is 23121695 a composite number?
True
Is 11296613 a composite number?
False
Is 1704640871 a prime number?
True
Is 72448567 a composite number?
False
Is 5073989 composite?
False
Is 464063 composite?
True
Is 50132807 composite?
False
Is 38814086 prime?
False
Is 2261201 a prime number?
False
Is 246056753 a composite number?
False
Is 1350721 composite?
True
Is 1165273 a prime number?
True
Is 78806381 a composite number?
False
Is 44841773 prime?
False
Is 3195215 composite?
True
Is 567313 a composite number?
True
Is 570663211 composite?
True
Is 303191 composite?
True
Is 2051837 a composite number?
True
Is 299539 composite?
False
Is 38223929 prime?
True
Is 285697 a composite number?
False
Is 558521 prime?
True
Is 1493027 a prime number?
True
Is 783373 prime?
True
Is 856753 prime?
False
Is 14318159 a prime number?
True
Is 1843577 a composite number?
True
Is 77125153 a prime number?
False
Is 7194809 composite?
False
Is 22357589 prime?
False
Is 6822481 a composite number?
False
Is 10774163 a composite number?
False
Is 35053574 prime?
False
Is 108966579 a prime number?
False
Is 93982481 prime?
True
Is 32261089 a composite number?
True
Is 2571797 prime?
False
Is 5431051 a composite number?
True
Is 38707829 composite?
False
Is 2585885 prime?
False
Is 27777239 a composite number?
True
Is 609914969 prime?
False
Is 10210403 prime?
False
Is 10299743 composite?
False
Is 110869 a prime number?
False
Is 907565 composite?
True
Is 18131137 composite?
False
Is 569087 composite?
True
Is 147737389 a prime number?
False
Is 22094071 a composite number?
False
Is 17631811 composite?
False
Is 3186791 a composite number?
False
Is 107031697 a composite number?
False
Is 35065763 prime?
False
Is 62937283 prime?
True
Is 425664949 a prime number?
True
Is 12457343 a composite number?
True
Is 228187229 a prime number?
True
Is 1479757 prime?
True
Is 4399931 prime?
True
Is 43474289 composite?
False
Is 80696219 prime?
True
Is 7468991 a prime number?
True
Is 1218823 composite?
True
Is 1866491 a composite number?
True
Is 96314051 composite?
False
Is 12296881 a prime number?
False
Is 364309519 a prime number?
False
Is 818891 a composite number?
True
Is 35378279 composite?
False
Is 43775203 a prime number?
True
Is 31212481 a prime number?
False
Is 62640407 composite?
False
Is 2518067 composite?
False
Is 3099157 composite?
True
Is 36387587 a composite number?
True
Is 1619819 composite?
True
Is 131593507 a prime number?
False
Is 4511699 a composite number?
False
Is 45810547 prime?
True
Is 2209071 composite?
True
Is 32547873 a composite number?
True
Is 974741 a prime number?
False
Is 94426015 a prime number?
False
Is 8518417 composite?
False
Is 598243 prime?
False
Is 5420049 prime?
False
Is 101401151 a prime number?
True
Is 3809279 prime?
True
Is 504056941 composite?
False
Is 7254391 prime?
False
Is 168738979 prime?
True
Is 16033963 composite?
True
Is 11112637 composite?
False
Is 4269539 a composite number?
False
Is 949723 prime?
False
Is 18227 a composite number?
True
Is 814227 prime?
False
Is 57127913 a prime number?
True
Is 15088891 a composite number?
False
Is 6202381 composite?
True
Is 326537 prime?
True
Is 4485209 composite?
False
Is 947437 prime?
False
Is 12124411 a prime number?
False
Is 12097243 a composite number?
True
Is 1408409 prime?
True
Is 35864173 composite?
False
Is 24519893 a composite number?
False
Is 136946741 prime?
True
Is 1564109 prime?
False
Is 170309 composite?
True
Is 321146669 a composite number?
False
Is 11684401 a composite number?
False
Is 5827559 a prime number?
True
Is 6603827 prime?
True
Is 159259 prime?
False
Is 11568083 a prime number?
False
Is 183